9 + 6 - -13))?
-8
Evaluate 1 + 16 + -29 + 28.
16
What is -20 + (-23 - -39) - -3?
-1
Calculate (-17 - -11) + (2 - 5).
-9
Evaluate -9 - -3 - (-7 + 1 - 0).
0
5 + 2 - (-4 + -3 + -5 - -3)
16
What is (6 - (-15 + 17 + 14)) + -3?
-13
What is (-4 - -41 - 29) + -1 + -20?
-13
Calculate -4 + 3 + 5 + 1.
5
What is the value of -9 + -14 + -4 + (30 - 13)?
-10
Calculate (-29 - -9) + -1 - -10.
-11
(-20 + -14 - -16) + -13
-31
(7 - -9 - 29) + 19
6
What is -25 - (-5 + -20) - 4?
-4
Calculate -13 + (13 - 14) + 15 + -34.
-33
What is (0 + 25 - (1 + 4)) + -8?
12
What is the value of 14 + -8 + -9 + (8 - -6)?
11
What is the value of -8 - 0 - (2 - 3)?
-7
What is (38 - 24 - (8 - 1)) + 6?
13
24 + -54 + 9 + -3
-24
Calculate 15 - 8 - (76 - 35).
-34
0 + 3 - (-12 + -5 + 14 + -1)
7
What is the value of 17 - (6 - -4 - -6)?
1
-29 + (2 - ((-13 - -4) + -4))
-14
Evaluate 30 - -1 - (-118 + 133).
16
What is -3 + 9 + -20 + (-32 - -36)?
-10
(1 - -15) + -3 + -9 - 25
-21
Calculate -7 - (-25 + 14 + 3 + 3).
-2
14 - (10 - -3 - 10)
11
What is the value of -6 - (-17 - -23) - (7 - 6 - -7)?
-20
Evaluate (-69 - -76) + (-5 - (-2 + 0)).
4
What is -10 + 5 - (-21 - 1)?
17
What is the value of -23 + (0 - -23) - -14?
14
What is -28 + (21 - -10) - (2 - -3)?
-2
What is (8 - 19) + 14 - 4?
-1
What is 1 + -10 - ((-2 - -9) + (33 - 18))?
-31
Calculate -9 + (228 - 244 - (-45 + 0)).
20
What is the value of (0 - (-1 + 5)) + 120 + -107?
9
6 - ((4 - 15) + 13 + 9)
-5
Calculate 14 - (30 - (-14 + 2)) - -4.
-24
Evaluate 3 - ((-1 - (-29 + 21)) + -22).
18
Calculate (2 - 3 - 5) + (2 - (-3 + -1)).
0
Calculate (21 + -3 - 6) + (-1 - 6) + 4.
9
Calculate 25 + -35 + 7 + 28.
25
Calculate -26 + 61 + -18 - -5.
22
0 - -4 - (-70 - -85) - 14
-25
Evaluate -10 + 1 - -28 - 11.
8
Evaluate 42 + -24 + -47 + 29.
0
What is the value of (8 + 0 - (43 + -41) - 31) + -2?
-27
Evaluate -117 + 115 - (0 - (1 - 1)).
-2
Evaluate (-25 - -12 - -25) + -2 + 1.
11
What is -24 + 4 + -7 - -44?
17
What is the value of 25 - (19 + -32 + 7 + 8)?
23
3 + -7 + (138 - 121)
13
Calculate 19 - (-13 + 25) - -4.
11
-43 - -55 - 11 - (0 + -1 - 5)
7
Evaluate (0 - -6) + -13 - (1 + -5 + -19).
16
What is the value of (-1 - -2) + -12 + 6 - (2 + 1)?
-8
Calculate -1 - (0 + (11 - (38 - 1))).
25
Calculate (-598 - -591) + (1 - -1) + 10.
5
Evaluate 13 - 28 - -2 - 0 - -1.
-12
Calculate (-101 - -54) + 30 + 18 + 0.
1
What is (1 - 1) + -36 + 401 + -390?
-25
What is -16 + (-6 - -18) - (1 + 3 + 0)?
-8
What is (-1 + 5 - (-2 + 3 + 8)) + 17?
12
Evaluate -4 - -2 - 5 - ((-4 - -12) + -3).
-12
What is the value of 2 + 3 + -11 - (-24 + (1 - 7))?
24
Calculate (-9 - 19) + 11 + 25 + -25.
-17
What is the value of 16 - ((-11 - -4) + 13)?
10
Evaluate -1 + (-28 - -43) + -34.
-20
What is the value of 3 - 23 - (-22 - -18)?
-16
Calculate (-6 - (0 - 8 - (-5 - 1))) + 13.
9
What is the value of (-9 - (7 + -3 + -16)) + (3 - 7)?
-1
What is (3 - 1) + 12 - (-6 + 11) - 2?
7
What is the value of (4 - (-13 - -9)) + (-3 - -2 - -1)?
8
Calculate -6 + -3 + 7 + -5 + -11 + 7.
-11
Evaluate -9 + 4 + 11 + -5 + -1 + 1.
1
What is the value of -7 + -7 + 3 + 32 + -20 + 23?
24
Calculate 0 - ((4 - (8 + -9)) + -3).
-2
What is (1 - (3 - 0)) + (-13 - (38 - 59))?
6
What is -8 + -6 + 40 + -21?
5
Evaluate 21 - (0 - (-17 - -6)).
10
(-75 - -63) + (-2 - -4) + (1 - 0)
-9
What is -10 + (2 - (4 + -2))?
-10
Calculate (-5 - 0) + 28 + -6 + -6 + 5.
16
(-50 - -2) + -1 - (24 + -41)
-32
What is the value of (5 - (-73 + 70 + 5 + -1)) + -20?
-16
Calculate (33 - 82) + -16 + 24 + (7 - 0).
-34
Evaluate (15 + -9 - 11) + 20.
15
Calculate 12 - (-15 - -9 - -21) - (18 + -1).
-20
What is the value of -7 - (-8 - 18) - 10 - (7 + 1)?
1
Evaluate (7 - -24) + -46 - (-9 - -1).
-7
What is 2 + -8 - (10 + (3 - (-8 - -4)))?
-23
What is the value of 0 + (9 - (14 + -11 + 12))?
-6
13 - -7 - (-2 - -11)
11
-5 + 6 + 0 + -1 + 17 + -8
9
Calculate 16 - (-17 - (-32 - 23)).
-22
Evaluate 6 + -17 + 17 - (-14 - -15).
5
What is (-4 - 2) + -15 + 19 - (-21 + 5)?
14
Calculate 6 + (3 - 1) + (-6 - (8 - 13)).
7
Evaluate 2 - (-156 + 194 + -1 + -9).
-26
What is 4 + -9 + -6 + 0?
-11
What is the value of -5 - (20 - 26 - 15)?
16
Calculate (3 - 7) + (-3 + 5 - 0) + 0.
-2
29 + 0 + (1093 - 1131)
-9
-10 - (2 + -1 - (-12 - -9 - -4))
-10
What is 35 - 2 - (-154 + 211)?
-24
What is the value of (49 - 15) + -25 - (-8 - -1)?
16
What is the value of -48 + 40 + (-2 - (2 + -2 + -9))?
-1
(-12 - (-3 - 20)) + 5 + (-3 - 6)
7
What is the value of -11 + 30 - (3 - -6)?
10
What is -6 - (1 + (-1 - 7))?
1
Evaluate -1 + -5 - ((36 - 12) + -36).
6
What is -12 + (24 - 17) + 11?
6
51 - (-1 + 27) - 30
-5
What is 10 - (-1 - -8 - (3 - (-8 + 11)))?
3
-6 + 0 + (0 - 2 - (-25 - -31))
-14
Calculate 340 + -335 + (1 - (-2 + -13 + 3)).
18
What is -5 + 6 + (20 - 3 - (-1 - -7))?
12
What is the value of 7 + -19 - -28 - 7?
9
(0 - -9) + (-3 - -11) + -14
3
Evaluate -2 + 1 - (0 + (-8 - -1)) - -6.
12
What is the value of 1 + (10 - (-10 - -14))?
7
-1 + 3 - (2 - 0) - (1 + -11)
10
Evaluate -1319 + 1299 - (-5 + (1 - 3)).
-13
Calculate 10 + -20 + 4 + -1.
-7
What is the value of 23 + 7 - (-39 + 95)?
-26
-8 - (2 + 19 + -12)
-17
What is 0 - (1 - -1) - (13 + -11) - -6?
2
-3 + -1 - (6 + -1 + -3 + 3)
-9
Calculate 203 + -206 - (0 + 1 - -2) - -3.
-3
What is -2 - (-25 + (40 - 13))?
-4
What is the value of 0 + -2 + -6 + -8 + 5 + -3?
-14
Calculate 4 + (18 + (-12 - -5) - 4).
11
What is 29 + -35 + 69 - 32?
31
-11 + (45 - 46 - (2 - 2))
-12
What is 2 + -14 + (-10 - -27)?
5
-26 + (-16 - -3) + 25
-14
What is 3 - ((-91 - -91) + -2 + 3)?
2
What is the value of 30 + -29 + (13 - 17)?
-3
What is (-21 + -5 + 7 - -8) + 19?
8
Calculate 27 - (36 - (13 - -29) - (5 - 1)).
37
What is the value of 10 + -24 - (-2 + -10) - (11 + -2)?
-11
What is the value of -10 - (9 + (-3 + -8 - -7))?
-15
What is -8 - -3 - -10 - -10 - 8?
7
What is the value of 134 - 138 - (15 + -1)?
-18
What is (10 + (-2 - -10) - 9) + -4 + -8?
-3
What is the value of -39 + 27 + (11 - 14)?
-15
-3 + 3 + -5 + -4 + -2
-11
(2 - 18) + (-11 - -23 - 5) + 7
-2
Calculate -56 + (-8 - -48) - (1 - (3 + 1)).
-13
What is the value of 0 - 0 - (-18 - (-22 - (-11 + 16)))?
-9
What is (19 - 2) + 66 + -57?
26
16 + -4 + -27 - -28
13
-4 - (-47 + 19 + (3 - 2 - -4))
19
Calculate -1 + -15 + (3 - (2 - -3)) - -5.
-13
Calculate -5 - (25 + (-13 - 16)).
-1
Calculate (-12 - -6) + 0 + 1 + -8 + 7.
-6
What is the value of 12 - (22 - (18 + -15))?
-7
What is (-8 - -9 - (5 - 5)) + 3 + 1?
5
(-5 - 5 - -6) + 9 + -6
-1
Calculate -27 + 36 + -17 - (-12 + -3).
7
-16 - (-10 - ((-7 - -13) + -12))
-12
What is -6 - (-1 - (-18 - -13))?
-10
(0 - 0 - (10 + -2)) + 4 + -5
-9
What is 5 + -10 - -9 - (36 + -41)?
9
What is -10 + 13 + (5 - (9 + -2)) + 0?
1
0 + -13 + -17 + -2 + 9
-23
Evaluate 16 + -1 + 8 + -13 - 2.
8
12 + -1 + -41 + -1 + 3
-28
(-9 - (0 + 5)) + (16 - (-15 - -21))
-4
What is (0 - -16 - (0 - -1)) + 189 + -187?
17
3 + (-5 + 22 - 31) - 0
-11
Evaluate -19 + (-3 + -8 + 1 - -7 - -12).
-10
What is 11 + (-17 + 15 - (-3 + 0))?
12
Evaluate (-2 + -2 + -4 - (10 + -17)) + -9.
-10
Evaluate -45 + (18 - -43) - -21.
37
Calculate (9 + (-5 - 14) - 7) + 5.
-12
What is (-16 - (-18 - -6)) + (-2 - 3)?
-9
-1 + 1 + (6 - -1) + 1 + -22
-14
-4 + -10 + 12 - (-31 + (-1 - -5))
25
Evaluate -3 + 0 + -1 - -2 - (66 + -50).
-18
What is 103 + -109 - ((2 - 1) + -4 - 2)?
-1
What is (1 - (8 + -4)) + 6 + -4 + 3?
2
What is -3 - (0 + (-11 - (-1 - 2)) - -11)?
-6
-3 + 2 + 14 + -3 + -16
-6
What is the value of (0 - -5 - (-11 + 12)) + -4?
0
2 + -4 - (0 + 7 + -2 - 5)
-2
-14 - (-4 - (0 + 0 - -4)) - 5
-11
What is the value of (3 - (20 + -31)) + (-11 - 0) - 16?
-13
Evaluate 9 + 171 + -181 + (-1 - -22).
20
Calculate 5 + 7 - 1 - -4.
15
What is (9 - 2) + (-8 - (13 + -15))?
1
Evaluate (-4 - (5 + -5)) + -7.
-11
Evaluate (-5 + 4 - -13) + -1.
11
Evaluate (5 - 4) + (-9 - (-11 - 3)) + -28.
-22
(19 + -18 - -14) + (9 - 1)
23
Evaluate (0 - -2) + (4 + -13 - -6) + -8.
-9
Evaluate -2 + (-3 + 2 - -6 - (5 + -3)).
1
What is (10 - 14 - (-7 - -7)) + -2?
-6
What is the value of (12 + -43 - -12) + 26 - 1?
6
Evaluate -7 + (-4 + 10 - (10 + -5)) - -15.
9
What is (3 - (-4 - 2) - (-4 - -3)) + 1?
11
What is the value of 10 - (-5 + -6 + 3 + 25)?
-7
Evaluate -16 + 4 + -3 - (-7 - (-7 - -3)).
-12
(24 - -3) + -56 - -32
3
What is 20 - (8 + (8 - (3 + -9 + 11)))?
9
What is 29 - (37 + -7 + -30)?
29
Calculate (29 - 31) + (30 - -6).
34
What